hest common factor of f and u.
10
Suppose 0 = 6*w - 2*w + 316. Let j = -49 - w. Suppose 48 = 4*z + 4*u, 36 = 3*z - 4*u + 8*u. What is the highest common divisor of z and j?
6
Let k(v) = -3*v**3 - 4*v**2 + 8*v + 21. Let x be k(-3). What is the greatest common divisor of x and 56?
14
Let n be (-425)/9 + (-22)/(-99). Let c = -15 - n. What is the greatest common divisor of c and 4?
4
Let d(t) be the first derivative of -t**4/4 - 5*t**3/3 - 3*t**2 - 8*t + 8. Let m be d(-5). What is the highest common factor of m and 33?
11
Let d(z) = 2*z - 9. Let h be d(7). Suppose -14 - 5 = -x - h*r, 11 = -x + 5*r. Suppose 0 = -x*s + 18 + 46. Calculate the greatest common factor of 80 and s.
16
Suppose -5*j + 85 = 5*r, 3*j + 2*r = -2*j + 76. Calculate the highest common divisor of j and 14.
14
Let k = -1 - -2. Calculate the highest common factor of k and 1.
1
Let q = 50 - 44. What is the highest common factor of q and 54?
6
Let g be -1*(-2)/((-2)/(-11)). What is the greatest common divisor of 88 and g?
11
Let y = 26 + 9. Let l = y + -25. What is the highest common divisor of l and 10?
10
Let o(f) = -23*f + 1. Suppose 32 = -2*v - 2*c, 2*c = -5*v - 35 - 60. Let u be (-10)/14 + 6/v. Let d be o(u). What is the highest common divisor of d and 8?
8
Let b = -116 - -120. Let h(y) = -y**2 + 5*y - 2. Let m be h(4). What is the highest common factor of m and b?
2
Suppose 0 = -0*o - 4*o + 8. Let t = o - -20. Suppose -2*f - 2*q + t = 0, 4*f - 2*f - 2*q = 18. Calculate the greatest common factor of f and 50.
10
Let z = 22 + -12. Suppose 0 = 4*m - t + 5, -4*m + 6 = -4*t + 26. Suppose r - 5*k - z = m, -k - k + 23 = 5*r. What is the greatest common factor of r and 5?
5
Let b = 35 + -62. Suppose -u - 10 = c, -4*c + 5*u = 88 - 3. Let g = c - b. Calculate the greatest common divisor of 30 and g.
6
Let i be -8*(2 - (-68)/(-32)). Calculate the greatest common divisor of 11 and i.
1
Let n = 35 + -28. Suppose 3*r - 4*x = 29, -r + 2*x + 11 = -0*r. Calculate the highest common factor of n and r.
7
Suppose 5*c = 0, 5*f + 21 = 2*c + 111. Calculate the greatest common divisor of f and 126.
18
Let m = -12 - -18. Let y = -6 + 5. Let o be -1 - -53 - y*2. What is the greatest common factor of m and o?
6
Let u be ((-45)/6)/((-2)/12). Let t be 19 - (2 - (-1 + 2)). What is the greatest common factor of t and u?
9
Let d = -24 - -35. What is the greatest common factor of d and 55?
11
Let r = 17 + -14. Suppose r*m - 17 - 10 = 0. What is the greatest common factor of 9 and m?
9
Suppose 413 = 4*j - 91. Let b be (8/(-6))/(4/(-42)). Calculate the highest common divisor of b and j.
14
Let f = -6 + 8. Suppose 3 = -4*c - 7*n + 4*n, -f*c + 4*n = -26. Suppose c*u + 2*u - 30 = 0. Calculate the greatest common divisor of u and 24.
6
Let s = -15 - -4. Let j(r) = 0*r + 5 + r**3 - 8*r - 3*r + 10*r**2 + 3. Let k be j(s). What is the highest common divisor of 24 and k?
8
Let u = -3 - -1. Let b(i) = -i**3 + i**2 - 2*i + 1. Let m be b(u). Calculate the highest common factor of 85 and m.
17
Suppose 0 = -d + 8 + 1. Calculate the greatest common divisor of d and 18.
9
Let s be (-3)/(-2)*(-12)/(-6). Let b be (-15)/(-20) + s/(-4). Suppose b*j + 18 = j. Calculate the highest common factor of 12 and j.
6
Let x be (1 - (0 + 0))*-7. Let s = -6 - x. What is the highest common divisor of 11 and s?
1
Suppose -s - 2*s - 368 = -5*i, 208 = 3*i - 5*s. Calculate the greatest common divisor of i and 190.
38
Let k(z) = -4*z + 2. Let p be k(3). Let h be (12/p)/(2/(-5)). Suppose 23 = 5*b + h. What is the greatest common factor of b and 28?
4
Let o(v) = 9*v**2 - v - 2. Let a be o(-1). What is the greatest common factor of a and 1?
1
Suppose 3*k + 2*k + 2*w - 6 = 0, 5*w - 15 = -2*k. Suppose -5*t = 2*j - 51, k*j = 3*t - j - 35. Calculate the greatest common factor of t and 22.
11
Suppose 4*p = 12*p - 264. What is the highest common factor of p and 99?
33
Suppose 6*n = -4*o + 5*n + 761, -2*n - 179 = -o. What is the greatest common factor of 63 and o?
63
Let i(t) = t**3 - 9*t**2 + 10*t + 4. Let v = -6 - -14. Let s be i(v). What is the greatest common divisor of s and 120?
20
Let t be (-1)/(-2)*(28 - 0). Suppose 3*p - 6*p - 4*x + t = 0, 13 = 3*p + 5*x. What is the greatest common divisor of 12 and p?
6
Suppose -5*q + 24 - 4 = -t, q = -5*t + 4. What is the greatest common divisor of 4 and q?
4
Let g = -12 + 26. Let u = g - 9. What is the greatest common factor of u and 55?
5
Suppose -312 = -k + 5*t, 3*k + 2*t - 1248 = -k. Suppose -d = 4*a + k, -3 = -a - 2*d - 74. Let q = -34 - a. Calculate the highest common divisor of 5 and q.
5
Suppose 2*k - 14 = -4*p, 4*p + 0*p = -4*k + 20. Let b = 50 - 17. What is the greatest common factor of k and b?
3
Suppose 4*o - 140 = 192. Suppose 4*p - 54 + 6 = -k, -2*k = -5*p - o. Calculate the greatest common divisor of k and 11.
11
Let w(z) = z**2 - 5*z + 7. Let y be w(5). What is the greatest common factor of 7 and y?
7
Let b = 27 + -18. Calculate the highest common factor of b and 72.
9
Let b(g) = -g**3 + 4*g**2 + g + 4. Suppose 3*v = 4*y - 9, 4*v + 15 - 3 = -2*y. Let n be b(v). Let k = n - 24. Calculate the greatest common divisor of 8 and k.
8
Let p be (-2)/3*(0 - -3). Let g = p + 7. Suppose 3 = 2*n - g. What is the greatest common divisor of 44 and n?
4
Suppose 0 = 4*k, 5*k = 5*q + k. Let t(z) = -z**3 - z**2 + 121. Let f be t(q). What is the highest common divisor of f and 11?
11
Suppose 9*j - 9 = 8*j. Calculate the highest common factor of 72 and j.
9
Suppose 3*n = 3*v - 57, 3*v - 2*n + 0*n = 53. What is the greatest common factor of 30 and v?
15
Let b be (21/12 + -1)*4. Calculate the highest common factor of b and 6.
3
Let b(w) = w**3 - 9*w**2 + 8*w + 6. Let h be b(8). Let s(l) = l + 1. Let q be s(h). Let i = 0 + q. What is the highest common divisor of i and 77?
7
Let l(v) = v**2 - 9*v - 9. Let p be l(10). What is the greatest common factor of p and 1?
1
Let o be 22*8*((-30)/8)/(-3). Calculate the greatest common divisor of 88 and o.
44
Let c(t) = -6*t**2 + 0 + 28*t**2 - 2*t - 1 + 3*t. Let u be c(1). Calculate the highest common factor of u and 55.
11
Let x be 87/3 + (-4)/2. Calculate the highest common factor of x and 189.
27
Suppose 5*s - 5 = 10. Suppose s*l - 2*v - 11 = 3*v, -2*l = 4*v + 22. Let i be (396 - l)/3*1. What is the highest common divisor of i and 19?
19
Let c be (0 - 8/(-2))/(54/270). Calculate the highest common divisor of c and 4.
4
Let a be 2/9 + 208/36. Suppose -15 = -2*d + 3*u, -u = u + a. Calculate the greatest common factor of d and 24.
3
Suppose 5*j + 7 = c - 2*c, -5*c + 5*j + 25 = 0. Suppose -3*v = c*o - 96, -184 = -5*v + o + 2*o. What is the highest common divisor of v and 7?
7
Let j = 1 + -1. Suppose c - 5*c + 616 = j. Calculate the greatest common divisor of c and 14.
14
Suppose 0 = -k + 2 + 8. Suppose 3*p - k = -2*p. Suppose 56 = -0*u + p*u. Calculate the greatest common factor of u and 70.
14
Let f(z) = 4*z + 18. Let k be f(6). Calculate the highest common factor of 105 and k.
21
Let s be (-646)/(-4) + (-3 - 14/(-4)). Let q be (0 - 3/(-2))*12. What is the greatest common factor of s and q?
18
Suppose -6*f + 9*f = 66. Calculate the greatest common divisor of f and 176.
22
Let d be (-24)/(-3) - (-1 + 2). Let c(p) = -p + 11. Let y be c(d). What is the highest common factor of y and 20?
4
Let n be (6/4)/(1/112). Suppose -n = -5*f + f. What is the greatest common divisor of 105 and f?
21
Let u(n) = n**3 - 6*n**2 + 5*n + 6. Let j be u(5). Suppose -34 = -4*i - p, 2*i - 28 = -p + j*p. What is the greatest common divisor of 9 and i?
9
Let c = 1 + 5. Let t be (0 - (-32)/6)*3. Suppose -v - a = -4, a = -2*v + 6*v - t. Calculate the highest common factor of v and c.
2
Suppose 2*n - q = 26, 2 = n - 4*q - 4. Calculate the greatest common factor of n and 56.
14
Suppose 3*c + 8 = -7, -5*h + c + 15 = 0. Suppose -p = -4*b + 156, 0 = 3*b - h*p - 71 - 41. What is the greatest common factor of b and 4?
4
Let s = -55 - -37. Let d = s - -13. Let c(i) = i**2 + 3*i - 7. Let n be c(d). Calculate the greatest common factor of 12 and n.
3
Let i(t) be the first derivative of 11*t**3/3 + t**2/2 + t + 4. Let y be i(-1). What is the highest common divisor of 22 and y?
11
Let z(f) = -f**3 - 4*f**2 - 4*f + 6. Let i be z(-5). Calculate the greatest common factor of i and 34.
17
Suppose -4*y + r = 2*r - 3, -3*r 